 Let i(r) = r**2 - 5*r - 4. Let f(h) = -i(h) + 2*s(h). What are the prime factors of f(-3)?
2
Let o = -4 + 23. Suppose 4*d - 4*x - 52 = 0, 0*d - 5*x + o = d. List the prime factors of d.
2, 7
Suppose -2*p + j = 6*j + 25, 3*p - 2*j - 10 = 0. Suppose 0 = g - 3*t - p*t - 46, -5*g = 4*t - 211. Suppose 5*v - 12 = g. What are the prime factors of v?
11
Suppose 3*c - 6*c - 6 = 0. Let r(h) = 5*h**2 + 4*h + 2. List the prime factors of r(c).
2, 7
What are the prime factors of 89 - 9 - (3 - 0)?
7, 11
Let o(s) = s**3 - 6*s**2 + s + 6. List the prime factors of o(8).
2, 71
Let s(b) = -b**3 - 5*b**2 + b + 7. Let j be 1/((-4)/(-2))*-10. Let z be s(j). List the prime factors of (z/(-3))/((-10)/105).
7
Let d be (-4)/(-8) - 22/(-4). Suppose -2*a + d*a = 36. List the prime factors of 5/(-1)*a/(-5).
3
Let x be (-14)/4 + (-2)/(-4). Let d(i) = -i + 1. List the prime factors of d(x).
2
Let r = 473 - 127. Let j be (-6)/21 + r/(-14). List the prime factors of (-106)/(-10) + (-10)/j.
11
Suppose 0*q - 50 = -5*q. What are the prime factors of (-2)/5 + 194/q?
19
Suppose -2*n - 137 = -5*p, 4*n - 5*n = 5*p - 134. List the prime factors of p.
3
Suppose -216 = -2*s + 2*a - 20, 3*s - 294 = -3*a. What are the prime factors of s?
2, 7
Let c = 8 - 6. Suppose 84 = -c*f + 6*f. List the prime factors of f.
3, 7
Suppose 4*l = 2*z - 0*l - 14, 3*z + 6 = -3*l. Let m be (-3)/(9/(-42)) - z. Let v = m + 1. What are the prime factors of v?
2, 7
Suppose 5*j = -4*x + 56, 5*x - j = 2*x + 42. Let u = x + -10. What are the prime factors of u?
2
Let i = 8 + -13. Let z = 0 - i. Suppose 0 = z*x - 34 - 31. What are the prime factors of x?
13
Let c be -1 + 1 + -1 + 13. Let r = c + -18. Let f = r + 8. List the prime factors of f.
2
What are the prime factors of 311/2 - 12/(-24)?
2, 3, 13
List the prime factors of (-2)/(-13) + 4706/169.
2, 7
Let c = 9 - 5. Suppose -c*b + n + 8 = 0, 0*n + 8 = 4*b - 3*n. Suppose 5*j = -3*o + 26, -b*o + 1 + 13 = 5*j. List the prime factors of o.
2, 3
Suppose 0 = -h - 5*n + 13 - 3, 4*h + 3*n - 6 = 0. Suppose h = -5*l - 13 + 88. List the prime factors of l.
3, 5
Let j = 3 - 10. Let u = 2 - -7. Let t = u + j. List the prime factors of t.
2
What are the prime factors of -2*1 + 56/7?
2, 3
Let t(o) = -o + 10. Let d be t(9). Let c = 4 + d. List the prime factors of c.
5
Let k be -4 + 2*1/1. Let n(h) be the first derivative of -h**3/3 - 2*h**2 + 5. List the prime factors of n(k).
2
What are the prime factors of (-704)/(-13) - (-18)/(-117)?
2, 3
Let h be (-2)/(-1) + -3 + 11. Suppose 5*t + 0*t - h = 0. What are the prime factors of t?
2
Let f = 5 - 3. List the prime factors of f.
2
Let c(a) = -11*a + 2. List the prime factors of c(-1).
13
Suppose -74*l + 76*l = 94. List the prime factors of l.
47
Let r be -2 + (1 - 2 - -71). Suppose 0 = 4*t + 4*z - r, -71 = -3*t - 4*z - 16. List the prime factors of t.
13
Let i = 1 + 1. Suppose i*x - 4*x - 3*m + 5 = 0, -m = 1. Suppose x*f - 5*k - 63 = 0, 3*f + 0*f - 3*k = 45. What are the prime factors of f?
2, 3
Let x(m) be the second derivative of 23*m**4/12 - 2*m. Let o be x(-1). Let u = 35 - o. List the prime factors of u.
2, 3
Let v = 396 + -253. List the prime factors of v.
11, 13
List the prime factors of -1 + 35 - (-6)/6.
5, 7
Let c(r) = -2*r + 11. Let f be c(6). Let u = 12 - 8. Let v = u + f. List the prime factors of v.
3
Let v(a) be the second derivative of a**5/20 + 5*a**4/12 + a**3/6 - 5*a**2/2 + a. List the prime factors of v(-4).
7
Let d be 4/14 + 558/(-42). Let t = d - -17. What are the prime factors of t?
2
Let y = 82 + -4. What are the prime factors of y?
2, 3, 13
Suppose 0 = 7*g - 51 - 89. List the prime factors of g.
2, 5
Suppose v - 3 = -0, 5*l - 4*v - 88 = 0. List the prime factors of l.
2, 5
Let m = 4 - 4. Let z be 23 - 2/(-4)*m. Suppose 5*l = 7 + z. List the prime factors of l.
2, 3
What are the prime factors of (-22)/(-33) + (-314)/(-6)?
53
Suppose 35*w = 39*w - 520. What are the prime factors of w?
2, 5, 13
Suppose 85*f - 414 = 79*f. What are the prime factors of f?
3, 23
Suppose 4*f - 192 = c - 5*c, f - 36 = 5*c. What are the prime factors of f?
2, 23
Suppose -3*z + 62 = 4*r - 119, -5 = 5*z. What are the prime factors of r?
2, 23
Let g(t) = 4*t - 3. Let o be g(2). Suppose -4*v - 55 = -5*i, -5*i - o*v + 8 + 2 = 0. List the prime factors of i.
7
Suppose 5*z - 9 - 1 = 0. Let p(s) = 8*s**2 + 2*s. What are the prime factors of p(z)?
2, 3
List the prime factors of (1057/14)/((-3)/(-6)).
151
Suppose 2*g - 3*u - 50 + 13 = 0, -3*u = -9. Let d = g + -3. List the prime factors of d.
2, 5
Let x(z) = 6*z**2 - 2*z. Suppose -6 = -4*o + 2. What are the prime factors of x(o)?
2, 5
Suppose -2*y - 26 = 4*u, y + 6 - 1 = 0. Let i be (2/(-4))/(u/24). Suppose -q + 5*q - 5 = o, -i*o = -3*q - 3. List the prime factors of o.
3
Suppose 0 = -4*u + 9*u - 115. List the prime factors of u.
23
What are the prime factors of (-2 + -51)*(-2 - -1)?
53
Suppose -u + 2*x = -2*x - 33, -4*u - x = -47. Let c = u + 2. List the prime factors of c.
3, 5
Suppose s + 8 = 2*u, -3*u - 3*s - 2 = -8*s. Suppose 0 = -3*r + 2*z + 19, -z = 3*r - 3 - 1. Suppose r = 3*q - u. List the prime factors of q.
3
Suppose w = -2*c + 4, 2*w = -5*c + 3 + 2. Let q(l) = -4*l + w*l + 6 - 5. What are the prime factors of q(1)?
7
Let p(z) = z**2 + 7*z + 15. What are the prime factors of p(-15)?
3, 5
Let n(o) = -o**3 + 3*o**2 + 2*o - 1. Suppose -p - 4*p - v = -19, p - 2*v = -5. List the prime factors of n(p).
5
Let c(v) = v**2 + 6*v - 6. Let l be c(-9). Suppose -2*t - t = -l. What are the prime factors of t?
7
Suppose 5*g = 5*n - 60, -11 + 74 = 5*n - 4*g. Let t(h) = -h**3 + 3*h**2 + 3*h + 1. Let c be t(2). Let r = n - c. List the prime factors of r.
2
Let h be 6/(-4)*(-6 - -4). Suppose -80 = -4*s - i - 4*i, -s + 3*i = -h. List the prime factors of s.
3, 5
Suppose 0*s - 4*s = -8. Suppose s*n + 4*q = 29 + 55, 3*q + 37 = n. What are the prime factors of n?
2, 5
List the prime factors of (-9 + 15)/(2/13).
3, 13
Suppose 3*n - 152 = -2*z + 110, -3*z - n + 393 = 0. List the prime factors of z.
131
Suppose 0 = 8*h - 9*h + 134. List the prime factors of h.
2, 67
Let f(w) = -1 - 3*w + 4*w + 0. Let u be f(6). Suppose 0 = n - u*h + 1, -15 - 13 = -4*n + 4*h. What are the prime factors of n?
3
Let l = 29 - 20. What are the prime factors of l?
3
Let y = 1 - -2. Let t = y + 3. What are the prime factors of t?
2, 3
Let k = 61 + -33. List the prime factors of k.
2, 7
Suppose 0 = 2*c - c. Suppose 16 = 2*s - c. What are the prime factors of s?
2
Let h = 25 - -9. List the prime factors of h.
2, 17
Suppose 0 = -3*m - 5*t - 10, -4*m = -t - t - 4. Let u be (-3)/((-9)/15 + m). Suppose -5*q - 23 = -u*j + 27, 0 = 5*q + 10. What are the prime factors of j?
2
Let t = 20 + 32. Let m = -6 + 41. Let g = t - m. What are the prime factors of g?
17
Let l(y) = 5*y + 1. Let a(n) = n + 7. Let p be a(-8). Let b = p - -2. List the prime factors of l(b).
2, 3
Let z(l) = -l + 6. Let r be z(5). What are the prime factors of 2 + r + 1 + 16?
2, 5
Suppose 0 = -h - 3*i + 97, -94 = -4*h + 4*i + 310. List the prime factors of h.
2, 5
Let m(y) be the third derivative of y**6/120 + 7*y**5/60 + y**4/8 - y**3/3 + 2*y**2. List the prime factors of m(-6).
2
List the prime factors of 4 + (-1 - -1313)/4.
2, 83
Let n = -29 - -47. Let m be 3/2*(3 + -1). List the prime factors of n*1 + m + 0.
3, 7
Let r(f) = -f + 9. Let o(q) = -q**3 + 2*q**2 + 3*q - 2. Let n be o(2). Suppose 4*g - 5*h - 21 = n, 25 = 5*g - 5*h. What are the prime factors of r(g)?
3
Suppose 2*z + w + 60 = 0, 2*z + 52 = -0*z + 3*w. Let l = -13 - z. What are the prime factors of l?
2
Let q = -46 - -67. Let o = -8 + q. List the prime factors of o.
13
Suppose -d - 72 = -298. List the prime factors of d.
2, 113
Let x = 40 - 29. List the prime factors of x.
11
What are the prime factors of (-507)/(-27) - (-4)/18?
19
Let r(n) = n**2 - 8*n + 9. Let u be r(7). What are the prime factors of (1 + 2 - u)*6?
2, 3
Let z = -10 + 7. Let w(v) = -v**2 - 5*v - 4. Let h be w(z). Suppose -h*c - c + 36 = 0. What are the prime factors of c?
2, 3
Suppose -3*w + 2*n - 7 = 0, 0*w = -5*w - 3*n + 20. What are the prime factors of 7 + -3 + w + 1?
2, 3
Let a be 2/(-9) + 4/18. Suppose -2*i = -6, a*q + 5*q + 2*i = 286. What are the prime factors of q?
2, 7
Suppose k + 4*k = 40. List the prime factors of k.
2
Let h